
Calculate -14 + 2 - ((-1138 - -1124) + (-5 + 3 - -13)).
-9
Calculate ((-7 - -25 - 4) + -43 - -23) + 123.
117
Calculate -3 + -84 + -47 + 13 + -8.
-129
((-60 - -47) + 79 - -20) + (-1 - (0 - 1))
86
Evaluate 24 - -55 - (38 - 32 - (-4 - 1)).
68
35 - (8 + (3 - (23 - -6)) + 12)
41
What is 0 + -125 + -244 + (45 - -200)?
-124
What is the value of -40 - (-93 + 31 + -12)?
34
Calculate -104 - (-54 - -48 - (-9 - -8 - -1)).
-98
(1 + -2 - 22) + (-23 - 16)
-62
(-2 - (-22 + 4)) + 216 + -224
8
What is 12 - (2 + -3) - (-15 + 10 - 39)?
57
What is 95 + (63 - 247) - (-1 - 34)?
-54
What is -28 - 4 - -26 - (16 - 90)?
68
Calculate -6860 + 6855 - (2 + -6 + 2 + -1).
-2
-3 + -4 + (3 - -9) + -91 + -7
-93
What is 11 - 2 - ((-124 - -108) + 46)?
-21
Calculate (-12 - 52) + (-1 - (-6 + 12 + -6)).
-65
What is the value of -10 - (-77 + ((-35 - -29) + (0 - -3) - -1))?
69
Evaluate (-2 + 26 - (708 - 606)) + -24.
-102
Evaluate -36 + 18 - 3 - -30 - -19.
28
Evaluate -91 - (-99 - (-111 - -105)).
2
What is the value of 2 + 25 + (-444 - -422) - -40?
45
Calculate 13 + -1 + (-21 - -6 - (5 - -113)).
-121
What is the value of -16 + (76 - 13 - (0 - 8))?
55
What is the value of -34 - (-36 - (-50 - -19))?
-29
Calculate -37 - (-18 - -12) - -23 - 15.
-23
Calculate 2 + 0 + -1 - (24 + 67 + -49).
-41
What is 6 + -54 + -15 - -13 - 8 - (-23 + 10)?
-45
-7 - -11 - (4 - (86 - (2 + (5 - -1))))
78
Calculate -99 + (-40 + 28 - (-21 + 12)).
-102
-30 - ((70 - 46) + (1 - -90))
-145
What is -102 - (-8 + -27) - -21?
-46
What is the value of 1 - (-55 - (24 - 70 - -19))?
29
Calculate -213 - -132 - 34 - (0 + -28).
-87
-1 + 13 - (11 + 2 + 22 + 5 + -15)
-13
What is the value of 115 - 5 - ((15 - 46 - -22) + -2)?
121
Evaluate (24 - -2 - 2) + (-21 + 10 - 2 - -22).
33
What is the value of (0 - 15) + (-18 - -1 - -23)?
-9
-4 - (-3 - (-11 + 5 + -3)) - -38
28
What is the value of (-3 + -71 - 0) + -3 - (66 + 7 + -73)?
-77
What is the value of 9 - -1 - (12 + -10 - (-2 + -64 + 4))?
-54
What is (-103 - (-51 - 30)) + (25 - 2) - -89?
90
What is the value of -7 + (21 - (17 - -5) - 21)?
-29
3 - 1 - (3 + -42) - (-15004 - -14988)
57
Evaluate 54 - (10 - (-7 + -23 - -34)).
48
What is the value of 6 + -25 - (5 + 1 + -2 + (-563 - -558))?
-18
-189 + 205 + 4 + -8
12
What is 0 + (-7 - -3) + 3 - -2 - (-1535 + 1623)?
-87
20 + (-5 + -46 - 8 - -7)
-32
What is (1 - 1) + -86 + 86 + -40?
-40
Evaluate -38 - (25 + 66 + -30).
-99
Evaluate -69 + (204 - (5 - -41)).
89
What is 57 + (28 - 51 - -19)?
53
Calculate -385 + 380 - (-48 + 5).
38
Evaluate 538 - 496 - (33 + 0).
9
What is the value of 13 - (-30 + 53 + -1 + (-14 - -2))?
3
Evaluate -81 + 140 - -4 - 126.
-63
(74 - (26 + -37)) + -52
33
Calculate -4 + (14 - 15 - -15) + 9 + 3.
22
What is 17 - (69 - 63) - (36 + 4 - -1)?
-30
What is -15 - -57 - 132 - -43 - ((-1 - 0) + 5)?
-51
What is (-36 - -3) + (-3 - -13 - 28)?
-51
What is 86 - ((-84 - -75) + 88)?
7
Evaluate 5 - (7 - (-5 + -19 - -13)) - 41.
-54
Evaluate 16 - (7 - ((9 - 22) + 7)) - -15.
18
What is the value of -76 - -51 - (39 + -72)?
8
What is the value of 100 - 108 - (-1 + 0 - -6) - (25 + -17)?
-21
What is 20 + (-14 - (-2 + (-1 - 33)))?
42
What is (8 - (27 + -63)) + -88?
-44
What is the value of -12 + 0 + -110 + -3 + (1004 - 955)?
-76
Evaluate 163 + -299 + 18 + 60.
-58
(19 - (-37 + 110)) + 3 + -2 + -1
-54
What is -5 + (-27 - -124) - 23 - 11?
58
What is (-61 - (-156 - -56)) + -30?
9
What is the value of 44 + -13 + -79 + 37?
-11
51 + (6 - 28) - 119 - ((1 - 14) + 3)
-80
Calculate -9 + (6 - 4) - (2 + 0 + 9 + -4).
-14
What is (8 - (16 + -5 - -7) - 2 - -4) + -19?
-27
Calculate (111 - 113) + (-4 - (0 + 5) - -3) + 10.
2
Calculate -1 + 0 + 27 + (10 - 41) + -35 - 8.
-48
Calculate 5 - 1 - (-59 - (14 + -37 - -33)).
73
Calculate -2 + 2 - (14 + -10 + (-15 - -11) + -27).
27
What is the value of (2 - 7 - -4) + -48 + 54 + 34?
39
What is the value of (-300 - (95 + -101)) + 140?
-154
-37 - (-2 + (-1 - (-12 + 7 + -2)))
-41
Calculate 9 + -1 + -10 + 1 + (-1 + 22 - 37).
-17
Calculate -5 - 41 - (47 + 16 + -38).
-71
Evaluate 0 + -1 + -3 - (-140 - -150).
-14
What is the value of (23 - -21) + -55 + 40?
29
Calculate -1948 + 1957 - (-2 - -7 - 0).
4
What is the value of -5 - (112 + -188 - (4 - 0)) - 0?
75
What is (5 + -23 - ((5 - 16) + 2)) + -42 + -2?
-53
What is the value of 2 + -21 - (3 - ((12 - -1) + -17))?
-26
What is the value of 1 - -5 - (50 - 48) - (-36 - -52)?
-12
Evaluate 0 + (10 - (2 + -2 - 7 - (-282 - -214))).
-51
What is (11020 - 10956) + (-1 + -14 - (0 - 1))?
50
Evaluate 24 - ((-105 - -57 - -57) + -18 + 0).
33
-12 - (2 + 75 - 155)
66
Evaluate -92 + 99 + 1 + 4 + -6 + 12 + 57.
75
Calculate 18 + -11 + -11 - (3 - 7 - 3 - 1).
4
Evaluate -298 + 309 - ((4 - 16) + 3 + -5).
25
Calculate 131 + -6 + 12 + 124 + -143 - -12.
130
5 - (5 + (-1 - 8) + 57)
-48
Calculate 32 + 58 + -85 + -46.
-41
Evaluate -1 + 31 - (-28 + (-96 - -224)).
-70
Evaluate (-4 - 8) + 32 + -18 + 27.
29
What is -16 - ((3 - -2 - (-22 + 26 - -5)) + -3)?
-9
What is 47 - (62 - -9) - (2 - -45) - (2 - -2)?
-75
(-109 + 61 - -142) + -2 + (-7 - (2 - 7))
90
(80 - 65) + (6 + (8 - 10) - -22)
41
What is -1 - (2 - 3) - (699 + -674)?
-25
What is the value of 1 + 42 + (222 - (47 - -177))?
41
What is 4 - (2 - ((6 - 63) + (0 - -18)))?
-37
Calculate -23 + 0 + -1 - ((201 - 181) + 69).
-113
Calculate 77 - (-49 - -107 - 63).
82
What is (-19 - -25) + -29 + -54 + -8?
-85
Evaluate -29 + 60 - -8 - 142.
-103
Calculate (12 - 7 - (-6 - (2 + -6))) + 56 + -32.
31
What is (-313 - -301) + (40 - (-8 + 3))?
33
Evaluate (8 - 18) + -5 + 22.
7
Calculate (2 - 18) + (92 - -33) + -122.
-13
Calculate (99 + -3 - -10) + -88.
18
Evaluate (1 - 2 - (2 + -17 + 23 - 9)) + -1.
-1
What is (-6 + 4 - 3) + -134 + 125?
-14
Evaluate -5253 + 5257 + -18 + (1 - 2 - -4).
-11
Calculate 17 - (-1500 - -1508 - (-1 + 23)).
31
3 - ((-11 - -9) + -9 + 12 + -14)
16
What is the value of (-523 - -544) + (-2 - 11) + -54?
-46
Calculate (-57 + 31 - -17) + 37.
28
What is 210 + -174 - (-1 + 5 + -7 + 10 + -4)?
33
Calculate -53 + (70 - 57) - -73.
33
What is the value of (-48 - (-57 + 37)) + 53?
25
Evaluate (25 - (26 - 25)) + -22 + -3 + 5 + 10.
14
(109 - 107) + (-18 - -111)
95
What is (-4 - (0 + 2)) + (238 - 244)?
-12
Calculate -23 + 49 + 8 + -18 - 59.
-43
What is -26 + 14 + -30 + 28 + -4 + 16?
-2
Calculate (-61 + 28 - 14) + (33 + -10 + -1 - 9).
-34
-28 - (-64 + -10) - 32
14
-20 + -52 + 72 + 18
18
What is -209 - -171 - ((5 - 1) + -1 + 1)?
-42
Calculate (-91 - (-322 + 128)) + 2.
105
What is -225 - -183 - ((13 - (1 - -4)) + -1)?
-49
Evaluate (2 - (-13 + 14) - 11 - (2 + -2)) + -5.
-15
Evaluate 9 - (-4 + (-18 - (-7 - 25))).
-1
What is the value of (4 - -30) + 21 + -8?
47
Evaluate -38 + (8 + -33 - -82).
19
What is 41 - 11 - (-13 + -1) - 1?
43
What is the value of 2 + (48 + -2 - (24 + (3 - 28)))?
49
What is (-82 + -123 - -102) + (3 + -5 + 1 - 1)?
-105
Evaluate -14 - (-92 - -91) - (-2 + (1 - 44)).
32
What is 35 + (2 - 14) + -23 - (-4 + 2)?
2
What is 8 + (124 + -133 - (-5 + 0)) + 5?
9
49 - (4 + (-113 - -190))
-32
-14811 + 14804 - ((0 - 1) + -1 - -13)
-18
What is (-2423 - -2415) + (2 - (1 + (31 - 0)))?
-38
Calculate -62 + 1 + (0 - (-9 + 19) - (-19 + 1)).
-53
What is -47 - (2 + 7 + -5 + -5)?
-46
Evaluate (-18 - -71) + 88 - 103.
38
What is (32 - 4) + (-2 - -1) - (-35 - (86 - 123))?
25
Calculate 1 - (50 - 9 - 41).
1
Evaluate -4 + -7 + (-4 - -7) - (2 + -17 + 32).
-25
Calculate 13 - (6 - 5) - (-87 - -150).
-51
Calculate 31 + -36 + (39 - 37) - (-152 - (1 - -3)).
153
What is 0 + (3 - (-3 - -1)) - (8 - (-21 - -12))?
-12
What is the value of ((-16 - 8) + 41 - 12) + 0 + (-23 - 3)?
-21
What is the value of (0 - 7) + (-36 - -17) + 22 - -3 - 64?
-65
Evaluate -131 + 183 - (18 + 1) - (7 - 4).
30
What is the value of (-2 - -70) + -1830 + 1799?
37
Evaluate -34 + 35 + (-84 - -37).
-46
Evaluate -62 + (15 - -85) - (0 + 13).
25
Evaluate -90 + 2 + 41 + 88.
41
Evaluate -61 - -131 - (9 - (-4 + 5) - 27).
89
What is the value of -2 + 11 - (-15 + -10) - (-29 - -6)?
57
35 - ((-37 - -52) + 2 - -56)
-38
(-98 - -34) + -13 + 99
22
What is -2 - (4 + 1 - (-10 + 7) - (180 - 65))?
105
Calculate 2 + -24 + (-300 - -315) - -16.
9
Calculate -43 + 53 + -35 + -7.
-32
Evaluate 22 - (-28 + 71 + -38).
17
What is the value of 0 + -9 - (26 - (1 + 11 + 0 + 5))?
-18
What is the value of -83 + 26 - 1 - -20?
-38
-34 + 4 + 3 - -8 - -13
-6
Calculate